 Is l a composite number?
True
Suppose 4*d + 0*d = 16. Suppose -d*c = -5*c + 12. Suppose -h + c = -67. Is h a composite number?
False
Let t(r) = r + 18. Let w be t(-14). Suppose 0 = 4*p - n - w, 0*p - 16 = -p + 4*n. Suppose -j = -p*j - 487. Is j composite?
False
Suppose 3 - 27 = 2*s. Let m be s/42 + (-2)/(-7). Suppose m = q + 2, 0*q - 2*q = o - 17. Is o a composite number?
True
Let k = -5086 - -12253. Suppose -5*a = 4*j - k, 2*j + 4*a + 0*a = 3582. Is j composite?
True
Let s(d) = 2*d**2 - 2*d - 1. Let i(f) = f**2 - 10*f. Let q be i(10). Suppose q = -4*y + y - 15. Is s(y) a prime number?
True
Is 6/8 - 2180155/(-76) a prime number?
True
Let f(c) = 7*c**2 - 11*c + 31. Let s(m) = 5*m**2 + 19*m + 4. Let z be s(-4). Is f(z) a prime number?
False
Is 93321/39 + (-16)/(-104) a composite number?
False
Let t = -35 - -24. Is (-14442)/(-66) - 2/t composite?
True
Suppose 4*z - 2 = 6*z. Let d be 63/36 - z/4. Suppose d*o - 487 = 307. Is o prime?
True
Is 753 + 4/(-8)*6 + -1 a composite number?
True
Let w(j) = -16*j**3 + j**2 + 3*j + 1. Let b(f) = 0*f + f - 2 + 8*f**2 - 7*f**2. Let z be b(0). Is w(z) prime?
True
Suppose 5*s = 3*b + 2313, 4*s + 0*b = 5*b + 1853. Suppose 0 = -2*q + s + 876. Is q prime?
False
Let z(v) = 84*v**2 + 1. Let t be -2 - ((-12)/4 + -1). Is z(t) a composite number?
False
Is (-21188)/(-8)*-6*7/(-21) a prime number?
True
Let s be 6/(6/(-7))*1. Let r(v) = -175*v - 12. Is r(s) composite?
False
Let b be 6084/16 - (-1)/(-4). Let a be (114/(-4))/((-15)/b). Suppose -5*f + a = 87. Is f a prime number?
True
Let d = 1694 - -311. Is d a composite number?
True
Let s = -828 - -1201. Is s prime?
True
Suppose 22*n = 26*n - 24. Suppose 7*z = -3*i + n*z + 434, i = -z + 144. Is i prime?
False
Suppose -45*j - 24029 = -583964. Is j a composite number?
True
Let o = -23 + 117. Let g be (o/(-6))/(8/(-24)). Let q = -26 + g. Is q composite?
True
Let r(g) = -24*g - 7. Let t(i) = 2*i - 1. Let l(n) = -r(n) + 4*t(n). Let a = -1 - -3. Is l(a) prime?
True
Suppose h = 5*t + 2*h - 7, 0 = -2*t + h. Let g be -4*(3/(-2) + t). Let r(s) = 75*s**2 - 4*s + 1. Is r(g) prime?
True
Is (10 + (-36153)/6)/(2/(-4)) a composite number?
True
Suppose -24 = 2*q - 300. Suppose -2823 + q = -5*m. Is m a composite number?
True
Suppose 0*u - 495 = -5*u. Suppose 2*j - u + 29 = 0. Suppose -5*b + 5*p = -180, p + p + j = b. Is b prime?
True
Let j(s) = 18*s**2 + 3*s + 1. Let a be j(-3). Let n = 57 + a. Is n composite?
False
Let i(z) = 55*z + 19. Let r(n) = n - 1. Let o(h) = -i(h) - 2*r(h). Is o(-8) a prime number?
True
Let n = -644 + 426. Let a = -33 - n. Is a a prime number?
False
Let c = -1285 + 1928. Let n = c - 438. Is n composite?
True
Suppose -5*y + 27603 + 16052 = 0. Let j = y + -4772. Suppose 5*s - j = -2*z, 0 = 3*s + 2*s - 2*z - 3951. Is s a composite number?
True
Let s(n) = 0*n**2 - 132*n**3 - n - n**2 + 1 - 2. Let y be -5*-2*4/(-40). Is s(y) a prime number?
True
Let g be (-8)/(-12) - (-7)/3. Suppose 15 = -5*h, 0*i - g*h + 53 = -2*i. Let s = -18 - i. Is s composite?
False
Let r = 1235 + 2270. Is r a composite number?
True
Is 4/(-18) - (-7 - (-1478608)/(-72)) prime?
True
Let n(b) = 3*b**2 + 10*b - 7. Is n(2) prime?
False
Let h be (-6)/(-12) - (-766)/(-4). Let w = h + 310. Is w composite?
True
Suppose 0 = -13*h + 4*h + 333243. Is h prime?
False
Let q(m) = -154*m + 453. Is q(-55) prime?
True
Let w = -79 + 64. Is 1988/5 - 3 - 6/w prime?
False
Let b = 13155 + -6164. Let g = -3338 + b. Is g a composite number?
True
Let b be 1890/45*(-2)/(-4). Let q be (0 - -3 - -1)*46. Suppose -q - b = -t. Is t prime?
False
Suppose 2*h = o + 8, -4*h + 22 - 6 = 5*o. Suppose o = 3*c - 407 + 20. Is c prime?
False
Let z(k) = -4*k - 56. Let m be z(28). Let v = 23 - m. Is v a prime number?
True
Let z be 0 - -5 - (-5 + 4). Is 1492/z*(-9)/(-6) composite?
False
Suppose 4*o - 170 = -2*y, 5*o - 256 = -3*y + 2. Let w = -664 + 1382. Let z = w + y. Is z a composite number?
False
Suppose 3*q + 5*i = 7*i + 3459, -i = 2*q - 2299. Is q a prime number?
True
Is -10*(-1)/(-2)*(-168944)/80 composite?
False
Suppose -s + 3 = -1. Suppose 2*a - 330 = -3*a - k, 5*k + 235 = s*a. Is a prime?
False
Suppose -86*x - 3*v - 3560 = -87*x, -x = -4*v - 3561. Is x a composite number?
False
Let z = -39 - -515. Suppose -5*o + z = 16. Suppose -4*c - 2*n = -2*c - o, c - 41 = -2*n. Is c a prime number?
False
Let j(b) = -52*b + 13 + 1 - 6*b - 2. Let f be j(-9). Suppose -2*y - 2*u = 2*y - 1068, 5*u = -2*y + f. Is y composite?
True
Let m(c) = c + 0 + 3 - 38*c**2 - 4*c. Let f be m(4). Let b = -384 - f. Is b a prime number?
True
Let g be (-6*(-6)/60)/(2/10). Let s(l) = 13*l**2 - 5*l + 4. Is s(g) composite?
True
Let c(k) = 54*k + 20. Let p be c(16). Let s be 1*(2 + -2 + 2). Suppose 6*x = s*x + p. Is x prime?
False
Suppose -3*l - 27 = -18. Let u(p) = 31*p**2 + 4*p - 10. Is u(l) a composite number?
False
Let h(g) = 7*g - 15*g + 1 + 8*g**2 + 6*g. Let u(k) = -2*k**2 + 3*k - 3. Let n be u(2). Is h(n) composite?
False
Let b(x) = 60*x - 4. Let v(w) = -w. Let l(u) = -b(u) + 5*v(u). Let o be l(-4). Let p = o + 43. Is p a prime number?
True
Let t = -13507 - -37526. Is t a prime number?
True
Suppose 3*z - 1 = s + 2, 0 = -z - 4*s + 14. Suppose -3*m + z*m = 0. Suppose g - 12 = -4*x + 27, -2*g - 5*x + 93 = m. Is g composite?
False
Suppose 5*f + 20 = -0*f. Is (-16195 + -1)*(-3 + (-11)/f) a prime number?
True
Suppose 5*j - 1773 = 7672. Is j composite?
False
Let l = -7 - -7. Suppose -5*k - 5*f = 640, 0 = -l*k - k + 2*f - 113. Let d = k - -210. Is d a composite number?
True
Suppose 0 = 7*r - 3339 + 210. Let q be 6726/8 + 6/(-8). Let s = q - r. Is s prime?
False
Is (-9409302)/(-567) + (-1)/(-9) a prime number?
False
Let z be (-5)/(-25) - (-24)/5. Let q(v) = 3*v - 7. Let h be q(z). Let c(p) = 2*p**3 - 8*p**2 - p - 7. Is c(h) prime?
False
Suppose 0 = 2*n + 5*v - 34976 + 1609, 2*n - 2*v = 33388. Is n composite?
False
Let f(v) = -157*v**3 - v**2 - 3*v + 1. Let w = 33 - 35. Is f(w) prime?
True
Suppose -37*j + 339348 + 284879 = 0. Is j composite?
False
Let j = -11 + 15. Let q(l) = -2 - 11*l + j*l + 3 + 2. Is q(-4) composite?
False
Suppose -5*p + 28 = -i + 2*i, -2*p = -10. Let k(c) = -43*c - 8. Let s(f) = f - 1. Let t(v) = -k(v) + 2*s(v). Is t(i) composite?
True
Is (-417460)/(-28) + (-6)/21 a composite number?
True
Let y = 5 + -15. Is ((-74)/3)/(y/435) prime?
False
Suppose 33*k = 24*k + 29349. Is k a prime number?
False
Suppose 193*r + 45283 = 200*r. Is r a composite number?
False
Is (-2)/((-3)/(37773/18)) a prime number?
True
Suppose -2*a + 4*d + 14594 = d, -4*a = 3*d - 29188. Is a prime?
True
Let d = 9 - 7. Suppose -p + 381 = d*p. Is p a prime number?
True
Suppose -4*g + 8*g = 4820. Suppose -x + g = -1154. Is x prime?
False
Let u(d) = d**3 + 35*d**2 - 134*d - 55. Is u(-36) a composite number?
True
Suppose -5*m - 13413 + 57848 = 0. Is m prime?
True
Suppose 0 = -4*t + 3 + 17. Suppose 0 = -0*m + 3*m - 5*b - 122, t*m - 200 = 5*b. Is m a prime number?
False
Suppose -3*b = 3*c + 3117, -8 = 2*b - 0. Let x = c + 2084. Is x composite?
False
Let i(k) = 311*k - 6. Let r be i(-1). Let p(h) = -27*h + 2. Let d be p(6). Let m = d - r. Is m composite?
False
Let a be -3 - 11/((-11)/1326). Let c = a + -394. Is c a composite number?
False
Suppose 5*u - 3*u + 3*r - 625 = 0, 320 = u - r. Is u a composite number?
False
Is (-24)/228 - (-163573)/19 a prime number?
True
Suppose 5*v - 40164 = u, v - 8035 = -0*u - 2*u. Is v composite?
True
Suppose 7 = -5*p - 3*z, p - 2*z + 12 = -4*p. Is (1754/2)/(0 + p/(-2)) composite?
False
Let c = 959 + 107. Suppose -16*m + 2950 = -c. Is m a composite number?
False
Let z be -348*(-1)/(-9)*(0 + 21). Let s = z + 1215. Is s prime?
False
Let o = 7932 - -19015. Is o a composite number?
False
Suppose -k = -5 - 7. Suppose 0 = x - 0*x + k. Let m = 71 + x. Is m a prime number?
True
Suppose 8*u = 1668 + 1652. Is u prime?
False
Suppose 0 = 24*d - 38*d + 62202. Is d prime?
False
Suppose -5*z - 2 = 2*r, r + 2*z + 20 = 5*r. Suppose 2*p = r*v - 2166, 0 = 4*v - 2*v - 2*p - 1086. Let c = v + -269. Is c a prime number?
True
Let d(c) = 26*c**3 - 5*c**2 - c - 2. Let n(r) = -24*r**3 + 5*r**2 + 2. Let q(g) = 6*d(g) + 7*n(g). Is q(-5) a prime number?
True
Let h be 27/(-63) - 9288/(-14). Suppose -4*j = 43 - h. Is j a prime number?
False
Let v = -99 - -101. Is (-2 + 3/v)*(-1049 + 7) prime?
True
